 factors of 49506248?
2, 11, 19, 29, 1021
List the prime factors of 204793723.
19, 127, 84871
What are the prime factors of 215891541?
3, 2389, 3347
List the prime factors of 76114891.
277, 274783
What are the prime factors of 112631487?
3, 19, 1975991
List the prime factors of 3385059162.
2, 3, 29, 19454363
List the prime factors of 357075973.
17, 281, 4397
What are the prime factors of 259342063?
31, 73, 114601
List the prime factors of 1322227229.
59, 3931, 5701
What are the prime factors of 1692830592?
2, 3, 1469471
List the prime factors of 5750811685.
5, 8429, 136453
What are the prime factors of 70050381?
3, 23350127
List the prime factors of 700156589.
11, 4789, 13291
What are the prime factors of 1565629957?
43, 36409999
List the prime factors of 181169285.
5, 11, 3293987
What are the prime factors of 532818385?
5, 11, 1097, 8831
What are the prime factors of 930983644?
2, 271, 858841
List the prime factors of 136333668.
2, 3, 11361139
What are the prime factors of 317620491?
3, 105873497
What are the prime factors of 222704654?
2, 43, 60223
What are the prime factors of 33059366?
2, 41, 403163
What are the prime factors of 2060704716?
2, 3, 7, 24532199
What are the prime factors of 2036438?
2, 29, 35111
List the prime factors of 41129335.
5, 13, 479, 1321
List the prime factors of 3098918536.
2, 7, 4001, 13831
What are the prime factors of 191719911?
3, 5669, 11273
List the prime factors of 98595788.
2, 19, 1297313
List the prime factors of 74307199.
4679, 15881
List the prime factors of 236535323.
1453, 162791
List the prime factors of 91890557.
11, 8353687
What are the prime factors of 10999249?
37, 53, 71, 79
List the prime factors of 32109820.
2, 5, 43, 37337
List the prime factors of 42492599.
31, 79, 17351
List the prime factors of 82249606.
2, 2693, 15271
What are the prime factors of 74601408?
2, 3, 7, 47, 1181
List the prime factors of 295907362.
2, 147953681
List the prime factors of 22094934.
2, 3, 17, 216617
List the prime factors of 9930330.
2, 3, 5, 36779
List the prime factors of 1654623477.
3, 13, 751, 6277
List the prime factors of 156027453.
3, 29, 1793419
List the prime factors of 363203498.
2, 7, 47, 551981
List the prime factors of 126257150.
2, 5, 73, 34591
What are the prime factors of 129844708?
2, 7, 17, 19, 293
What are the prime factors of 42622080?
2, 3, 5, 79, 281
What are the prime factors of 49740688?
2, 3108793
What are the prime factors of 499440064?
2, 7803751
What are the prime factors of 181726176?
2, 3, 83, 22807
List the prime factors of 49680543.
3, 11, 136861
What are the prime factors of 264101111?
23, 2309, 4973
What are the prime factors of 9377611?
251, 37361
What are the prime factors of 14096752?
2, 59, 109, 137
List the prime factors of 1917939410.
2, 5, 23, 41, 203387
List the prime factors of 451838037.
3, 7, 2267, 9491
List the prime factors of 3256133573.
7, 11, 17, 2487497
List the prime factors of 36656510.
2, 5, 11, 19, 17539
List the prime factors of 57772996.
2, 19, 40009
What are the prime factors of 1000674617?
1000674617
What are the prime factors of 3291823156?
2, 822955789
What are the prime factors of 4550514862?
2, 31, 701, 104701
What are the prime factors of 3205005576?
2, 3, 19, 47, 149543
What are the prime factors of 1367298190?
2, 5, 136729819
List the prime factors of 69989912.
2, 8748739
What are the prime factors of 1278278171?
1278278171
What are the prime factors of 37369728?
2, 3, 11, 983
What are the prime factors of 80830944?
2, 3, 59, 67, 71
List the prime factors of 111026232.
2, 3, 1542031
What are the prime factors of 128560035?
3, 5, 17, 504157
What are the prime factors of 116021888?
2, 906421
List the prime factors of 18431297.
18431297
What are the prime factors of 528180978?
2, 3, 13, 6771551
List the prime factors of 145250982.
2, 3, 179, 5009
What are the prime factors of 156001195?
5, 7, 761, 5857
What are the prime factors of 562154485?
5, 41, 2742217
List the prime factors of 65846574.
2, 3, 41, 29741
What are the prime factors of 466075725?
3, 5, 149, 179, 233
List the prime factors of 52579761.
3, 13, 239, 5641
What are the prime factors of 304358208?
2, 3, 7, 11, 17, 173
What are the prime factors of 119787129?
3, 7, 11, 172853
List the prime factors of 546406675.
5, 21856267
List the prime factors of 498763113.
3, 431, 385741
What are the prime factors of 4038429?
3, 1346143
List the prime factors of 134337090.
2, 3, 5, 4477903
List the prime factors of 602861393.
19, 211, 150377
List the prime factors of 2319328178.
2, 31, 239, 156521
What are the prime factors of 73241559?
3, 17, 29, 971
What are the prime factors of 2114154620?
2, 5, 6079, 17389
List the prime factors of 750539282.
2, 101, 3715541
List the prime factors of 32710191.
3, 19, 573863
List the prime factors of 98768073.
3, 1523, 21617
List the prime factors of 390017655.
3, 5, 17, 19, 26833
List the prime factors of 932405054.
2, 7, 66600361
What are the prime factors of 50620773?
3, 7, 37, 41, 227
What are the prime factors of 351474613?
7, 50210659
List the prime factors of 569044630.
2, 5, 7, 11, 499, 1481
What are the prime factors of 686640656?
2, 13, 29, 67, 1699
List the prime factors of 157780764.
2, 3, 29, 50377
List the prime factors of 7990035725.
5, 7, 307, 148721
List the prime factors of 1224385951.
17, 31, 2323313
List the prime factors of 77747031.
3, 19, 151, 3011
List the prime factors of 143352926.
2, 79, 907297
List the prime factors of 405419749.
7, 151, 383557
List the prime factors of 285676152.
2, 3, 47, 251, 1009
List the prime factors of 67790129.
11, 560249
List the prime factors of 770456260.
2, 5, 7, 5503259
What are the prime factors of 665359873?
131, 5079083
List the prime factors of 1369121529.
3, 23, 277, 71633
List the prime factors of 1399707278.
2, 1021, 685459
What are the prime factors of 6422281?
41, 156641
List the prime factors of 1467415808.
2, 347, 16519
What are the prime factors of 5845283?
373, 15671
What are the prime factors of 4118163140?
2, 5, 7, 13, 2262727
List the prime factors of 1231589954.
2, 7, 59, 157, 9497
List the prime factors of 2161427380.
2, 5, 7, 15438767
What are the prime factors of 266167049?
89, 769, 3889
List the prime factors of 228858270.
2, 3, 5, 7628609
List the prime factors of 1757662426.
2, 13, 53, 929, 1373
List the prime factors of 62198219.
157, 197, 2011
What are the prime factors of 28529535?
3, 5, 1901969
What are the prime factors of 46700384?
2, 31, 179, 263
List the prime factors of 52386225.
3, 5, 698483
List the prime factors of 45980398.
2, 2281, 10079
List the prime factors of 59093134.
2, 29546567
List the prime factors of 2163252016.
2, 135203251
What are the prime factors of 700930262?
2, 350465131
What are the prime factors of 37042949?
17, 23, 211, 449
List the prime factors of 1227160452.
2, 3, 7, 181, 80713
List the prime factors of 583020421.
331, 1063, 1657
What are the prime factors of 20375373?
3, 53, 128147
List the prime factors of 1301576330.
2, 5, 130157633
List the prime factors of 1652161938.
2, 3, 7, 457, 86077
What are the prime factors of 4865281634?
2, 2432640817
What are the prime factors of 129759311?
11, 29, 36979
List the prime factors of 1099276525.
5, 17, 233, 653
List the prime factors of 1537956525.
3, 5, 7, 23, 67, 1901
List the prime factors of 303303753.
3, 33700417
List the prime factors of 2427986.
2, 11, 79, 127
What are the prime factors of 260984698?
2, 13, 67, 233, 643
List the prime factors of 121684934.
2, 7, 37, 907
What are the prime factors of 2252231599?
23, 67, 643, 2273
List the prime factors of 509309160.
2, 3, 5, 571, 7433
List the prime factors of 1246217258.
2, 11, 13, 19, 79, 2903
What are the prime factors of 66663418?
2, 37, 733, 1229
List the prime factors of 395036449.
395036449
What are the prime factors of 49975021?
23, 2172827
List the prime factors of 38129298.
2, 3, 67, 94849
List the prime factors of 810859901.
31, 43, 608297
What are the prime factors of 30768889?
661, 46549
What are the prime factors of 30169783?
7, 109, 39541
List the prime factors of 1852425094.
2, 13, 17, 433, 9679
What are the prime factors of 2697210858?
2, 3, 101, 383, 11621
List the prime factors of 35552817.
3, 479, 2749
List the prime factors o